mposite?
True
Is 115457 composite?
True
Is 39661 composite?
True
Is 11729 composite?
True
Is 10579 a prime number?
False
Is 111749 a prime number?
False
Is 147811 a composite number?
False
Is 193701 prime?
False
Is 70051 composite?
False
Is 2503 composite?
False
Is 42421 composite?
True
Is 59765 prime?
False
Is 27309 composite?
True
Is 12143 composite?
False
Is 490235 a prime number?
False
Is 159059 composite?
False
Is 17551 prime?
True
Is 132749 a composite number?
False
Is 297533 prime?
True
Is 823741 composite?
False
Is 675877 a composite number?
False
Is 15937 composite?
False
Is 11786819 a composite number?
True
Is 196097 a composite number?
True
Is 452989 a composite number?
False
Is 162179 composite?
True
Is 472349 composite?
False
Is 293 prime?
True
Is 25735 a composite number?
True
Is 18041 composite?
False
Is 2722 prime?
False
Is 5749593 a composite number?
True
Is 3403 composite?
True
Is 660247 a prime number?
False
Is 158029 composite?
False
Is 33431 prime?
False
Is 59333 a prime number?
True
Is 7063 composite?
True
Is 22469 a composite number?
False
Is 67495 a prime number?
False
Is 77663 prime?
False
Is 125707 composite?
False
Is 1399 a prime number?
True
Is 10109 prime?
False
Is 3843007 composite?
True
Is 13993 composite?
True
Is 307913 composite?
True
Is 59689 prime?
False
Is 751 a prime number?
True
Is 7753 composite?
False
Is 414303 a composite number?
True
Is 363619 composite?
False
Is 29297 composite?
False
Is 164503 a prime number?
True
Is 432257 a prime number?
False
Is 86087 composite?
True
Is 88915 a composite number?
True
Is 2621737 prime?
True
Is 605643 prime?
False
Is 3371 a composite number?
False
Is 235111 composite?
False
Is 15869 composite?
True
Is 303187 prime?
True
Is 595261 a composite number?
False
Is 641 a prime number?
True
Is 69623 prime?
True
Is 30611 a composite number?
True
Is 61865 a composite number?
True
Is 49291 a prime number?
False
Is 138547 composite?
False
Is 481 a prime number?
False
Is 11893 composite?
True
Is 247463 a composite number?
False
Is 4937 composite?
False
Is 56033 a composite number?
True
Is 3147049 composite?
False
Is 264091 a composite number?
False
Is 7621 composite?
False
Is 28415 prime?
False
Is 12863 a prime number?
False
Is 887 a composite number?
False
Is 46261 a prime number?
True
Is 30353 composite?
True
Is 2257 prime?
False
Is 58021 a composite number?
True
Is 14971 composite?
True
Is 44357 prime?
True
Is 294311 composite?
False
Is 230213 a composite number?
False
Is 27509 composite?
False
Is 59833 composite?
False
Is 93809 a prime number?
True
Is 484483 a composite number?
True
Is 184721 a composite number?
False
Is 114331 prime?
False
Is 413654 a composite number?
True
Is 46907 composite?
True
Is 30598 prime?
False
Is 29857 prime?
False
Is 69911 prime?
True
Is 26203 composite?
False
Is 4727 prime?
False
Is 205589 composite?
False
Is 12071 prime?
True
Is 3017 a prime number?
False
Is 32891 composite?
True
Is 7022 prime?
False
Is 24074 a prime number?
False
Is 20257 prime?
False
Is 6673 composite?
False
Is 57487 composite?
False
Is 55127 prime?
True
Is 25087 a prime number?
True
Is 35693 composite?
True
Is 144467 a prime number?
False
Is 345727 prime?
True
Is 486797 composite?
False
Is 1984997 prime?
False
Is 1949 a composite number?
False
Is 178349 composite?
False
Is 29135 prime?
False
Is 423977 prime?
True
Is 1198742 prime?
False
Is 3833 a composite number?
False
Is 1091 composite?
False
Is 2819 prime?
True
Is 37379 composite?
False
Is 9727 composite?
True
Is 155501 a composite number?
False
Is 86809 composite?
True
Is 9193 a composite number?
True
Is 3691 prime?
True
Is 1306697 composite?
True
Is 52321 composite?
False
Is 42937 composite?
False
Is 303049 prime?
True
Is 222107 a composite number?
False
Is 119963 composite?
False
Is 200117 a composite number?
False
Is 671017 a prime number?
True
Is 272237 a composite number?
True
Is 22597 composite?
True
Is 9239 a prime number?
True
Is 415 a composite number?
True
Is 10495 prime?
False
Is 85991 a composite number?
False
Is 196439 a prime number?
True
Is 5147 prime?
True
Is 200771 a prime number?
True
Is 40783 prime?
False
Is 6593 a prime number?
False
Is 293 prime?
True
Is 61463 composite?
False
Is 50359 prime?
True
Is 262489 a prime number?
True
Is 104093 composite?
True
Is 84866 composite?
True
Is 655873 a composite number?
True
Is 228481 a prime number?
False
Is 22969 a composite number?
True
Is 136649 composite?
False
Is 8659 composite?
True
Is 1137527 composite?
False
Is 132629 a composite number?
True
Is 246646 prime?
False
Is 343517 a composite number?
False
Is 9743 a prime number?
True
Is 803207 a composite number?
False
Is 59621 a prime number?
True
Is 810941 a composite number?
False
Is 16143 prime?
False
Is 38299 a composite number?
False
Is 50207 a composite number?
False
Is 134782 prime?
False
Is 9007 a prime number?
True
Is 19571 composite?
False
Is 93809 composite?
False
Is 107691 composite?
True
Is 20059 composite?
True
Is 7051 composite?
True
Is 20411 a prime number?
True
Is 420169 composite?
True
Is 128561 composite?
True
Is 47339 a prime number?
True
Is 145414 a prime number?
False
Is 242057 composite?
False
Is 360805 a prime number?
False
Is 4417 prime?
False
Is 3933847 composite?
True
Is 1508069 prime?
False
Is 49739 prime?
True
Is 9091 a composite number?
False
Is 22822 a prime number?
False
Is 943 composite?
True
Is 59507 composite?
True
Is 14309 a prime number?
False
Is 956177 a prime number?
True
Is 31643 a composite number?
False
Is 209427 a prime number?
False
Is 39703 a composite number?
False
Is 1438145 composite?
True
Is 80293 prime?
False
Is 50789 a composite number?
False
Is 923 composite?
True
Is 37841 composite?
True
Is 424209 a prime number?
False
Is 159389 a prime number?
True
Is 51046 a prime number?
False
Is 1079179 prime?
False
Is 2722 a composite number?
True
Is 46601 a prime number?
True
Is 1818203 a composite number?
True
Is 74471 prime?
True
Is 1304687 a composite number?
False
Is 11783 a composite number?
False
Is 11279 a prime number?
True
Is 1907 prime?
True
Is 19001 prime?
True
Is 432529 a composite number?
True
Is 106907 composite?
False
Is 4783 prime?
True
Is 313081 prime?
True
Is 15359 composite?
False
Is 33923 composite?
False
Is 2329 a prime number?
False
Is 89841 composite?
True
Is 4143 prime?
False
Is 58637 prime?
False
Is 9242 a composite number?
True
Is 2023597 composite?
False
Is 74071 a composite number?
False
Is 2415653 a prime number?
True
Is 38501 composite?
False
Is 2470643 composite?
True
Is 543719 composite?
True
Is 307831 a prime number?
True
Is 11695 composite?
True
Is 64937 a composite number?
False
Is 97649 a composite number?
False
Is 107851 a composite number?
True
Is 333989 prime?
True
Is 146977 a composite number?
False
Is 220291 prime?
True
Is 37337 prime?
True
Is 95345 a prime number?
False
Is 66369 a composite number?
True
Is 51851 a prime number?
False
Is 15859 a prime number?
True
Is 17737 composite?
False
Is 930931 a composite number?
False
Is 246989 a prime number?
False
Is 4861 a prime number?
True
Is 229127 composite?
False
Is 713 composite?
True
Is 10781 prime?
True
Is 4474 a composite number?
True
Is 7289 a composite number?
True
Is 2348693 prime?
True
Is 3137 prime?
True
Is 51767 a prime number?
True
Is 18263 a prime number?
False
Is 107921 prime?
False
Is 318793 prime?
True
Is 36541 a composite number?
False
Is 612439 composite?
False
Is 1517 a prime number?
False
Is 34313 composite?
False
Is 284953 a composite number?
True
Is 2879 composite?
False
Is 1709 prime?
True
Is 893777 a composite number?
False
Is 394171 a composite number?
True
Is 2551 composite?
False
Is 2806711 composite?
False
Is 59834 a composite number?
True
Is 43 a prime number?
True
Is 773861 a prime number?
False
Is 835 prime?
False
Is 79379 composite?
False
Is 467747 a composite number?
True
Is 153991 a composite number?
False
Is 268171 prime?
True
Is 22877 prime?
True
Is 2203 a prime number?
True
Is 14809 prime?
False
Is 1140157 a composite number?
False
Is 240421 a prime number?
True
Is 476323 a composite number?
True
Is 186101 a composite number?
True
Is 149 a prime number?
True
Is 587173 prime?
True
Is 30511 a prime number?
False
Is 617446 composite?
True
Is